+ -262 - (1 + -1))
22
6 + (-1 - 6) + (-11 - -6)
-6
What is 7 + -6 + 2 + 15 + -1 + -10?
7
What is the value of (-1 - (-16 + 4)) + (-50 - -22)?
-17
What is 19 + (-3 - 0 - 9)?
7
Calculate (2 + 20 - 12) + -4.
6
What is (-15 + 9 - -3) + -11 + 10?
-4
10 + -3 + 11 + -12
6
(2 - -40) + -11 - 11
20
What is the value of 7 - 1 - (-32 - (-100 + 65))?
3
What is the value of (1 - -3) + (-4 - 6) + 3?
-3
What is the value of -3 + -5 + 6 - (-1 - (-8 - -1))?
-8
Calculate -43 + (33 - 21) + 3.
-28
10 + 1 - 0 - (64 + -96 - -26)
17
What is the value of -8 + (-7 - -2) + 1?
-12
What is the value of 2 + -3 - (1 + -4 + -8 - 0)?
10
Calculate 21 + -25 - -16 - (2 - -5).
5
What is the value of (80 + -61 - (9 + -1)) + (-1 - 6)?
4
What is 2 - 4 - (0 + (14 - 8) + -7)?
-1
What is the value of 14 - (4 + -10 + -6 - 13)?
39
Calculate 1 - 6 - (22 + -13 - 10).
-4
(10 - (23 - 20)) + -21
-14
What is -22 - (13 + -28 + -13)?
6
Evaluate (3 - (0 - 1)) + -19 + 30 + -25.
-10
Calculate -3 + 12 - (-16 + 18).
7
What is the value of -22 + 34 + -14 + 6 + (-1 - -4)?
7
What is -21 - (9 + -11 - (2 + 3))?
-14
What is 15 + -9 + 5 - (-16 - -45)?
-18
Evaluate 7 + -6 - (-6 - (-12 + 6) - 1).
2
Calculate -3 + 1 - (-18 - (-13 - -14 - -10)).
27
What is (7 - -6) + 29 + -21 + 5?
26
Evaluate (13 + -7 + -8 - (0 + -8)) + -1.
5
Calculate 17 + -2 + -15 + 0.
0
-1 + (6 - 0) + (2 - -11)
18
What is the value of 2 + -12 + -5 + 10 - (0 + -13)?
8
What is the value of 1 + 0 + -188 + 189?
2
Evaluate 11 + -19 + 2 + -11 + -1.
-18
What is the value of -8 + (27 - 22) + (-8 - -1)?
-10
Calculate -3 - (-7 + (5 - 9) - -6).
2
Evaluate 147 + -164 + 3 + -1 + -4.
-19
What is 13 - (29 + (-1 - 12))?
-3
17 - (-12 + 7 - -36)
-14
Calculate 6 + -1 + 61 + -61 - -4.
9
Calculate (7 - 7) + (0 - (1 - 4)).
3
(-1 - (-11 + 8 - 6)) + -7 + 19
20
-1 + 0 + -551 + 542
-10
Evaluate 20 + -10 + 17 + (-2 + 4 - 3).
26
What is (9 - (1 - -5)) + (3 - (-1 + -8))?
15
8 + -6 + -6 + 12 + -1 + -2
5
What is the value of 5 + -6 + 4 + -18 - -6?
-9
Evaluate -8 - (-7 + 8 - (4 + 4 - 0)).
-1
Calculate 0 + 2 + (89 - 111).
-20
Calculate -1 + -2 + (-5 + 17 - 9) + -18.
-18
What is the value of (-6 - (-1 - -8)) + -1 + 2 + 0?
-12
What is 2 + 3 - ((1 - -5) + 22 + -2)?
-21
Evaluate (0 - (3 - 1)) + (412 - 411).
-1
What is (-1 - -1) + 1 + 3010 + -3007?
4
What is the value of 3 - (-8 + 14 + 1 - (-3 + -4))?
-11
Calculate 441 + -438 + -18 + 1.
-14
Evaluate (20 - 7 - -2) + -6.
9
Calculate -21 - -19 - (27 + -50).
21
-37 + 68 + 25 + -27
29
(12 + 2 + -7 - 3) + 0 + -4
0
What is 157 + -105 + (0 - 22)?
30
What is the value of 0 - (-6 + 1 + 2) - (4018 - 4009)?
-6
Evaluate 4 - -1 - (1 + 9 - 8 - 0).
3
What is 2 - 9 - ((-10 + 4 - 14) + 10)?
3
What is the value of 26 - (-30 + -31 + 87)?
0
What is the value of -1 - (3 + -1) - (42 - (40 - 13))?
-18
What is the value of -6 + 2 + 4 + 0 + -11?
-11
What is (-321 - -321) + (-15 - 1)?
-16
What is -115 - -116 - (6 - -1 - 0)?
-6
Evaluate 5 + -7 + 1 + 0 - (30 + -1).
-30
What is 3 - 2 - -18 - ((-19 - 6) + 29)?
15
What is 10 - 7 - ((14 - 7) + 3)?
-7
-14 + 6 + (0 - (-1 + 5))
-12
What is the value of -32 + 2 - (362 - 373)?
-19
What is (-24 + 13 - (-14 + 1)) + (-1 - 14)?
-13
2 + 1 - (15 + -17)
5
Calculate 0 + (6 + 2 + -17 - 1).
-10
-5 + (14 - 11 - 8)
-10
What is the value of (2 - 0) + 2 + 5 + (8 - 17)?
0
-126 + 125 + (-9 - -2) - -14
6
What is the value of 72 + -48 + (-1 - -1) + -15 + 4?
13
Evaluate 9 + -6 - 4 - (11 - -3).
-15
(5 - 0) + 367 + -377
-5
What is (-2 - 19) + 28 + 2 + 5?
14
What is the value of (-11 - -42) + -5 - 14?
12
Evaluate -5 + (18 - (-4 + 10)).
7
What is the value of 21 - (20 + 1) - -19 - (0 - 1)?
20
Calculate 4 - 6 - 19 - (-22 + 25).
-24
Calculate (-18 - -2) + (-25 - (23 + -72)).
8
Calculate (0 - 0 - (29 + -6 + -45)) + -2.
20
(-6 + 6 - -14) + 17 + -26
5
Calculate 0 - 0 - (21 + 11 + -30).
-2
Calculate 4 - (-4 - 2) - (-92 - -103).
-1
What is the value of 1 - 16 - (-13 - -12 - 14 - -10)?
-10
What is the value of 4 + 18 - 58 - -35?
-1
What is (-7 - 10) + 16 - (0 - 19)?
18
What is (-9 - -4 - (-52 - -41)) + -20?
-14
Evaluate 2 + 3 - (-7 + 5) - (47 - 39).
-1
What is the value of -2 + -1 + -1 - (-196 + 198)?
-6
19 + (-1 - (10 - -1))
7
Evaluate -10 + -6 + (-2 - -35).
17
Evaluate 40 + -21 + 2 + -3 + 10.
28
What is the value of (1 - 10) + (-9 - -10) + -1 - -3?
-6
Evaluate 2 + 13 + -13 + 0.
2
Calculate -2 + -19 - ((10 - 18) + (3 - -6)).
-22
What is 2 - (14 - 2) - (987 - 990)?
-7
Calculate 3 + -3 + -4 + -6 + 9.
-1
What is the value of -14 + 1 + -118 + 117 + -3?
-17
Calculate 1 - 1 - 13 - (-981 + 969).
-1
Calculate 4 + (4 - 16) + 2.
-6
Evaluate 26 + (-15 - (38 - 45) - (-19 + 1)).
36
What is (-10 + -10 - -9) + 2 + -4?
-13
What is 25 + -7 + (-9 - -2) + -3?
8
Calculate (-27 + -13 - -38) + 0.
-2
39 - 16 - (-21 - -28)
16
What is 5 - ((6 - 4) + -4 + 9)?
-2
What is 2 + (2 + -11 - 0)?
-7
What is the value of 0 + -5 + (13 - (5 + 0) - 1)?
2
Calculate (41 + -8 - (0 - -6)) + -7.
20
Calculate 7 + (0 - 56) + (-181 - -198).
-32
(-5 - (2 - 18 - -15)) + -18
-22
What is the value of 1 + (-8 - (-10 + 1 - -9)) - 22?
-29
Calculate -11 - (10 + -1 - (-61 + 67)) - -6.
-8
Calculate (4 - 1 - 11) + -72 + 74.
-6
3 - (5 - 1) - (2 - -1)
-4
-283 + 270 + 1 + 2
-10
Calculate (-188 - -213) + (0 - -3) + -10.
18
Calculate (68 - 63) + 8 + -4 + 23.
32
Calculate -13 + -16 + 10 + 17.
-2
Calculate (-1 - (1 - 8) - (-143 + 144)) + 32.
37
Evaluate (-124 - -120) + ((4 - 2) + -1 - -1).
-2
Calculate -7 + 5 + 4 + 5 + 3 + -5.
5
What is the value of (-1 - 51) + (213 - 174)?
-13
Calculate 7 - (-4 + 5 + -13 + 10).
9
Evaluate 23 + (1 - -1) + -16.
9
(-12 + 9 + 10 - -12) + -12 + -12
-5
Calculate (-9 - -2) + (50 - 33) + -28.
-18
-1 + -8 - (-72 - (-50 - -7))
20
What is the value of (11 - (9 - -14)) + -2 + 13?
-1
What is the value of (0 - -34) + -14 + -3?
17
(16 + -14 - -22) + -2 + 6 + -8
20
9 - -27 - (-7 + 0 - -10)
33
0 + -1 - (146 + -143)
-4
What is the value of 1 + 2 + 0 + 51 + -27 + -20?
7
What is -448 - -453 - (-2 - (-8 + 2 - 1))?
0
Evaluate 21 + (-47 - 3 - -24).
-5
Evaluate -16 + (4 + -2 - 1) - (-23 - -24).
-16
Calculate (-9 - (0 - (-9 - -11))) + 23 + 4.
20
What is 7 + (-21 - 4 - -17)?
-1
What is the value of 6 + (-3 - 25) + -17?
-39
What is (-53 - -41) + (-4 - -8 - -7)?
-1
What is -20 + (-24 - (-20 - 37))?
13
Evaluate (-18 + 32 - -13) + -25.
2
-26 + 11 + 0 + 27
12
What is 18 + (5 + 21 - 54)?
-10
(1 - (0 - (-9 + 0))) + (-124 - -148)
16
What is -5 - ((38 - 37) + 12 + 0)?
-18
What is (4 - (0 - -8)) + 11 - 8?
-1
What is (-34 + -31 - -31) + 9?
-25
Evaluate 20 + (-1 - -2) + -51 + 43.
13
Calculate 2 + 3 + (-10 - (15 + 15 + -16)).
-19
What is the value of 6 + 5 + -1 + 7 + (7 - 12)?
12
Calculate 0 + 11 + (-5 - (-12 - -18)).
0
7 - (27 + -17 + -25)
22
What is the value of 11 + -2 + 6 - 16?
-1
What is -11 - ((-163 - -172) + -1 + -1)?
-18
Evaluate -3 + 19 + -16 + -13 - (-1 + -7).
-5
What is 2 + -14 + 33 + -65 + 18?
-26
1 - 8 - (-15 - (-5 - 14))
-11
0 + -9 - (-33 - -64 - 28)
-12
Evaluate (4 - 10) + 0 - -12 - 3.
3
Calculate -66 - -60 - (-7 - -6).
-5
Evaluate (2 - -23 - 46) + 3 + 0.
-18
Evaluate 2 + 10 + -11 + 9.
10
Calculate (-7 - (-7 - 7)) + -19 + -15.
-27
What is the value of 2 - (4 - (-3 + 11)) - 8?
-2
Calculate 19 + (12 - 26 - (-8 - -3)).
10
What is 16 + -10 + 9 - (-1 - -3)?
13
1 + (67 + -59 - (0 - -9))
0
Evaluate 11 - (2 + (0 - 2) + 19).
-8
What is 14 - (20 + -2 + 7)?
-11
-10 - -8 - 14 - -13
-3
What is the value of (-8 - -1) + -11 + 15 + -1 + -16?
-20
Evaluate -8 - (-12 + -7 + 12).
-1
-6 + 1 + 186 + -169 + -14
-2
Evaluate 12 + (-13 - (12 + -3)) + (2 - 1).
-9
Calculate 14 + -23 - (-3 - 6).
0
Calculate (-18 - (9 + (-6 - (-6 - -18)))) + 30.
21
What is -3 - 1 - (-6 + (-6 - -11))?
-3
Calculate 194 + -205 - (-31 - -3).
17
What is the value of 15 + -26 + 21 - 21?
-11
(-3 - 1 - -1) + (-12 + 17 - 12)
-10
Calculate 79 + -109 + 1 + (0 - 0) + 7.
-22
What is the value of (-3 - -6) + (-14 - -12 - -16)?
17
Evaluate -8 - 4 - (13 - 10 - -8).
-23
Evaluate 9 + -5 + -12 + 7 + (0 - -4).
3
What is (0 - (0 - 5)) + 2?
7
What is 13 - (-31 - (-23 + 10))?
31
Calculate (5 - 0) + (1 - 5).
1
Calculate (15 + -15 + 8 - -1) + 16.
25
Evaluate -1 + -5 - (-14 - -1 - (-100 - -104)).
11
What is 14 + 22 + -60 + 2?
-22
Calculate 2 + -2 - (4 - (1 + 9)).
6
What is the value of 13 + 13 + -22 - (-10 + 0 + 3)?
11
Calculate -2 + -5 + (-6 - -1) + -20 + 15.
-17